 5*u - 1019 = -2*v, r*u + 4*v - 348 - 66 = 0. What is the units digit of u?
3
Let d = 48 - 45. Suppose 18*c - d*c = 10230. What is the units digit of c?
2
Suppose 87979 = 40*i - 117661. What is the units digit of i?
1
Suppose 0 = 24*s - 23*s - 273. Let n = 323 - s. What is the units digit of n?
0
Let h be 3/(-4 + 1) - -54. Let f = -69 - -121. Suppose -h*o + f*o = -110. What is the hundreds digit of o?
1
Suppose 4*r + m = 34331, -17*r + 3*m - 25755 = -20*r. What is the hundreds digit of r?
5
Let w(j) = -332*j - 291. What is the tens digit of w(-13)?
2
Suppose 0 = 21*r - 19 - 86. Suppose -r*q - 4*w = -3327, 0*q - 5*w = -3*q + 2011. What is the hundreds digit of q?
6
Let x = -34780 + 48954. What is the units digit of x?
4
Suppose 42 = -3*h - 4*h. Let n = 14 - h. Suppose -n = -4*f, -f = 4*b - 0*f - 137. What is the tens digit of b?
3
Let d(r) = 23*r - 18. Let o(m) = -5 + 4 + 2. Let f(p) = -d(p) - 5*o(p). What is the hundreds digit of f(-4)?
1
Let h be (27/18)/((-6)/8). Let p be 30/(-9)*3/h. Suppose 2*b = -4*t + 306, -5*b + 2*b - p*t + 461 = 0. What is the tens digit of b?
5
Suppose 5 = 4*s + 3*v, -3*v = 2*s - 7*v - 30. Suppose 286 + 1474 = s*b. What is the tens digit of b?
5
What is the units digit of -4 + (-27)/(-18) + 108088/16?
3
Let f = 38 - 34. Suppose -3*w - 249 = -f*w. What is the units digit of w?
9
What is the tens digit of 9685 - 2/((-22)/(-99))?
7
Suppose -6*k = -3*n - 7*k - 2271, -8*n + 2*k - 6070 = 0. Let y = -98 - n. What is the units digit of y?
0
Suppose -3*u + 63 = -0*u. Let l = 106 - u. What is the units digit of (-16 - -16) + l + -1?
4
Let l = 40 + -256. Suppose -2*d = -w + 250 - 74, d + 2*w + 93 = 0. Let r = d - l. What is the units digit of r?
7
Let h(c) = -33*c**3 + 3*c**2 - 8*c + 4. Let w be h(3). Let f = 1668 + w. What is the units digit of f?
4
Let r(v) = -v - 8. Let j be r(-8). Suppose j = -10*y + 1011 + 1969. What is the hundreds digit of y?
2
Let d(m) = 4*m**3 - 4*m**2 - 5*m + 47. Let c(t) = -3*t**3 + 3*t**2 + 4*t - 47. Let l(x) = -5*c(x) - 4*d(x). Let f = 19 - 19. What is the units digit of l(f)?
7
Let x be -9 - 7*(-18)/(-21). What is the units digit of (x - -7)/(4 + (-1070)/265)?
2
Let w(x) = 2*x - 4*x**2 + 10*x + 39*x**2 - 10*x + 28 + 11*x. What is the units digit of w(-4)?
6
Suppose -o - 23 - 18 = 0. Let v = 44 + o. Suppose 3*a = -12, -4*u + a - v*a + 160 = 0. What is the units digit of u?
2
Let f(w) = 13*w**2 + 4*w - 2. Suppose -k + 90 = 17*k. Suppose 3*g - 9*x + 6 = -k*x, -3*g + 15 = 3*x. What is the tens digit of f(g)?
5
Suppose 3*h + 558 + 348 = -3*y, -4*h - y = 1220. What is the hundreds digit of ((-36516)/h)/(((-8)/(-18))/2)?
5
What is the tens digit of (-31)/155*5/(-7) + (-94688)/(-7)?
2
Suppose k + p = -1, 5*p + 0*p = 3*k - 5. Suppose 14*a = 10*a - 3*s + 605, 4*a - 3*s - 635 = k. What is the hundreds digit of a?
1
Suppose -123336 = -35*p + 23*p. Suppose 108*r + p = 117*r. What is the hundreds digit of r?
1
Let d = 32863 + -23352. What is the thousands digit of d?
9
Let x = -9813 - -17576. What is the tens digit of x?
6
What is the ten thousands digit of 113/(-7) + 16 + 229090/7?
3
Suppose -12 = w + 2. Let z = w + 34. Suppose -4*l = -8*l + z. What is the units digit of l?
5
Suppose 0 = 9*o - 4*o - 7330. Let x be -1*(-4)/(8/o). Suppose 3*n = 26 + x. What is the tens digit of n?
5
Suppose -2*p + 37 = 33. Suppose -10 = -3*g - 2*g - 3*u, -14 = 4*g - p*u. What is the tens digit of (1 + 0)/(-1*g/14)?
1
Suppose 2*d + r = -1, 1 = 4*r - 5*r. Suppose v - 775 + 100 = d. Suppose 53*a - 48*a - v = 0. What is the tens digit of a?
3
Let x = -598 - -9517. What is the hundreds digit of x?
9
Let g(x) = x**2 - 7*x - 2. Let s be g(5). Let r be (-18)/s*(-26)/(-3). Suppose 0 = -4*n + r*n - 1620. What is the tens digit of n?
8
Suppose -138 = 7*q - 138. Suppose q = 6*r - 1368 - 1722. What is the units digit of r?
5
Let j = -339 + 336. What is the hundreds digit of 756 - (-2)/j*-9?
7
Let c be 64*4/(-16)*3. Let g = -41 - c. What is the units digit of g?
7
Suppose u - 17558 = -2554*k + 2553*k, 5*u = -3*k + 87798. What is the thousands digit of u?
7
Let l(i) = -i**3 - 11*i**2 - i - 51. Let q be l(-12). Suppose -5*y = c - q, y - 171 = -2*c + 4*y. What is the tens digit of c?
9
Let r(o) = -o. Let h(u) = 7*u**2 - 40*u + 30. Let f(m) = -h(m) - 4*r(m). Let s(t) be the first derivative of f(t). What is the units digit of s(-14)?
0
Let g be (-227)/5 - (-48)/120. What is the units digit of (24/14)/((g/336)/(-15))?
2
Let u(l) = l**3 - 10*l**2 + 15*l + 4. Let v be u(8). What is the thousands digit of v/28 + 131530/98?
1
Suppose -24*w = -7*w - 14994. Let o = -90 + w. Suppose 0 = -5*v - v + o. What is the hundreds digit of v?
1
Let s(z) be the third derivative of -z**6/120 + z**5/4 - 5*z**4/8 - z**3 + 2*z**2. Suppose 2*r = -4*o + 62, -2*r = -o + 6 - 3. What is the units digit of s(o)?
7
What is the tens digit of (-123537)/(-14) + 30/(2520/(-6))?
2
Suppose 116*u + 211*u = 9319500. What is the ten thousands digit of u?
2
Let o = -749 + 755. Suppose 295 = -2*n + 1309. Suppose 4*m - 409 = -c, -o*c + n = 5*m - 9*c. What is the hundreds digit of m?
1
Suppose 2*a + 6563 = 3*i, -4*i + 4354 = -2*i + 4*a. Let m = i + -890. What is the units digit of m?
5
Let x = 176 - 88. What is the hundreds digit of (x/3)/((-4)/(-66))?
4
Let s = 17783 - 3188. What is the hundreds digit of s?
5
Let s = 352 - 224. Suppose -134*i + 516 = -s*i. What is the units digit of i?
6
Let b(u) be the second derivative of u**4/4 + 7*u**3/3 + 37*u**2/2 + 40*u. Let k be b(-6). Suppose -m + 34 + k = 0. What is the tens digit of m?
9
Suppose -3*w + 17 = -4*x, -4*x - 2 = -3*w - 3*x. Let p be (0 - w)*1 + (4 - -38). Suppose 2*n - 3*d = 252, n - p = 4*d + 83. What is the units digit of n?
6
Let h(x) = 8*x**2 + x + 6. Let j be h(-4). Suppose 0 = q - 2*s + 122, -4*s = -3*q + 2*q - j. Let z = 63 - q. What is the tens digit of z?
7
Let h be (1 - -1) + -75 + 5. Let v(t) = 37*t - 219. Let o be v(6). Let d = o - h. What is the units digit of d?
1
Let u(o) = -o**2 - 41*o - 8. Let l = 81 + -115. What is the units digit of u(l)?
0
Let l(u) = -u**2 + 360*u - 27. What is the units digit of l(14)?
7
Suppose -6*d - 10 = 8. Let v be d/6*-10 + (-5 - -3). Suppose -v*x + 23 = 8. What is the units digit of x?
5
Let p = 5358 - 5290. What is the units digit of p?
8
Suppose 2*c + 298 = -4*z, 4*c + c + 88 = -z. Let v = z + 500. What is the units digit of v?
7
Let c = 13001 - -9831. What is the ten thousands digit of c?
2
Let x be 24/20 - (-57)/15. Suppose x*p + 4*r - 139 = 0, 3*r = -5*p - 31 + 169. What is the tens digit of p?
2
Suppose 2*p + 2*k - 51674 = 0, 5*p - 79275 = 2*k + 49910. What is the hundreds digit of p?
8
Let t be (-135)/5*(-2)/6. Let c(d) = 2*d**2 + 12*d + 8. Let p be c(t). Let i = p - 169. What is the tens digit of i?
0
Let t = -70 + 78. Let h(s) = -4*s**2 - 3*s + 25. Let k(d) = -d**2 - d + 8. Let f(j) = t*k(j) - 3*h(j). What is the tens digit of f(5)?
9
Suppose -4*f = f - 15. Let w be f + ((-3)/(-9))/(4/60). What is the units digit of 232/6*12/w?
8
Suppose -q = -5*d - 14, 4*q + 3*d - 15 = -51. What is the units digit of 348908/272 + q/8?
2
What is the tens digit of (7415 + -2 - (-9 - -6)) + 20/(-5)?
1
Suppose -3*o = 4*d - 40478, -3*o - d + 45464 - 4983 = 0. What is the tens digit of o?
9
Let d(y) = -y**3 + 18*y**2 + 63*y - 32. Let s(b) = b**3 - 18*b**2 - 65*b + 32. Let a(x) = 3*d(x) + 2*s(x). What is the units digit of a(17)?
0
Suppose -8930*h + 8922*h + 59600 = 0. What is the thousands digit of h?
7
What is the units digit of ((-15)/(-12 - 3))/((-1)/(-2501))?
1
Let m(l) = l**3 - 6*l**2 - 3*l + 2. Let v be m(4). Let h be ((-36)/v)/(-3) + (-37)/(-7). Suppose h*z - 6 = 3*z. What is the units digit of z?
3
Let w be (-22)/(-8) + 21/(-28). Let k be w/(-4)*(-32)/2. Suppose 2*h - 164 = k. What is the tens digit of h?
8
Let j(s) = -4*s - 25. Let z be j(-7). Suppose -z*v + 9 = -0. Let k(i) = 45*i + 10. What is the units digit of k(v)?
5
Let m(w) = w**3 - 7*w**2 - 6*w - 16. Let s be m(8). Suppose -2*c + f + 1355 = s, -c - c = 2*f - 1364. What is the units digit of c?
9
Let i = -51 - -45. What is the tens digit of 1662/2*((9 - 2) + i)?
3
Let g(o) = o**3 - 9*o**2 - 39*o - 13. Suppose 2*j = 508 - 476. What is the hundreds digit of g(j)?
1
Let p(w) = 74*w**3 + w**2 - 3*w + 3. Let r be p(1). Let g = 11 - r. L